igit of 324517?
7
What is the millions digit of 2139483?
2
What is the ten thousands digit of 308146?
0
What is the hundreds digit of 2263990?
9
What is the hundreds digit of 2503969?
9
What is the units digit of 253917?
7
What is the tens digit of 9561002?
0
What is the units digit of 360639?
9
What is the ten thousands digit of 2248043?
4
What is the hundreds digit of 13500?
5
What is the tens digit of 125125?
2
What is the tens digit of 203093?
9
What is the units digit of 156716?
6
What is the hundred thousands digit of 218290?
2
What is the ten thousands digit of 503207?
0
What is the ten thousands digit of 1464522?
6
What is the ten thousands digit of 194836?
9
What is the tens digit of 3955425?
2
What is the hundreds digit of 4015199?
1
What is the ten thousands digit of 242655?
4
What is the thousands digit of 1321117?
1
What is the units digit of 44679?
9
What is the ten millions digit of 18061536?
1
What is the ten thousands digit of 510802?
1
What is the ten thousands digit of 2774037?
7
What is the ten millions digit of 13877490?
1
What is the millions digit of 4857177?
4
What is the units digit of 21054596?
6
What is the hundred thousands digit of 5399533?
3
What is the thousands digit of 193057?
3
What is the hundreds digit of 15879897?
8
What is the hundreds digit of 956781?
7
What is the hundred thousands digit of 15139848?
1
What is the units digit of 5385485?
5
What is the millions digit of 1195981?
1
What is the hundred thousands digit of 306872?
3
What is the hundreds digit of 205222?
2
What is the thousands digit of 4482284?
2
What is the tens digit of 2611567?
6
What is the hundreds digit of 5069067?
0
What is the millions digit of 9880074?
9
What is the ten thousands digit of 3707986?
0
What is the units digit of 1659297?
7
What is the thousands digit of 16042?
6
What is the hundreds digit of 3543059?
0
What is the tens digit of 417926?
2
What is the hundred thousands digit of 283161?
2
What is the tens digit of 541982?
8
What is the millions digit of 19036077?
9
What is the units digit of 206688?
8
What is the units digit of 461593?
3
What is the hundreds digit of 5400882?
8
What is the tens digit of 21467321?
2
What is the thousands digit of 1100831?
0
What is the hundred thousands digit of 1072551?
0
What is the hundred thousands digit of 141939?
1
What is the hundred thousands digit of 20460314?
4
What is the thousands digit of 652118?
2
What is the hundred thousands digit of 9714880?
7
What is the tens digit of 15624556?
5
What is the thousands digit of 1213716?
3
What is the units digit of 80237?
7
What is the hundred thousands digit of 9133795?
1
What is the hundreds digit of 90616?
6
What is the units digit of 1508381?
1
What is the millions digit of 1482690?
1
What is the units digit of 14043014?
4
What is the tens digit of 2611804?
0
What is the hundred thousands digit of 428681?
4
What is the units digit of 4020687?
7
What is the ten thousands digit of 248735?
4
What is the thousands digit of 106887?
6
What is the ten thousands digit of 954126?
5
What is the millions digit of 1423192?
1
What is the thousands digit of 2315990?
5
What is the hundred thousands digit of 2707241?
7
What is the tens digit of 205297?
9
What is the hundred thousands digit of 825065?
8
What is the hundreds digit of 7665039?
0
What is the tens digit of 482508?
0
What is the ten thousands digit of 26213815?
1
What is the hundred thousands digit of 1776923?
7
What is the hundred thousands digit of 489170?
4
What is the ten thousands digit of 1055539?
5
What is the hundred thousands digit of 871637?
8
What is the units digit of 9390697?
7
What is the tens digit of 56463?
6
What is the ten thousands digit of 268904?
6
What is the millions digit of 12724753?
2
What is the millions digit of 1718662?
1
What is the ten thousands digit of 193225?
9
What is the units digit of 3087768?
8
What is the units digit of 1456385?
5
What is the thousands digit of 200646?
0
What is the tens digit of 249203?
0
What is the units digit of 1405075?
5
What is the units digit of 347262?
2
What is the tens digit of 28453424?
2
What is the thousands digit of 249974?
9
What is the tens digit of 375895?
9
What is the millions digit of 25285304?
5
What is the hundred thousands digit of 2202798?
2
What is the tens digit of 543090?
9
What is the hundred thousands digit of 14859948?
8
What is the thousands digit of 6993?
6
What is the hundreds digit of 7258801?
8
What is the thousands digit of 21517120?
7
What is the millions digit of 2920690?
2
What is the units digit of 12593069?
9
What is the tens digit of 8828213?
1
What is the ten thousands digit of 12371730?
7
What is the tens digit of 464659?
5
What is the tens digit of 742407?
0
What is the units digit of 192580?
0
What is the ten thousands digit of 1488038?
8
What is the units digit of 304188?
8
What is the hundreds digit of 385986?
9
What is the units digit of 103570?
0
What is the ten thousands digit of 4930026?
3
What is the hundreds digit of 1819389?
3
What is the ten thousands digit of 42454?
4
What is the units digit of 27232467?
7
What is the hundreds digit of 1033572?
5
What is the hundred thousands digit of 2059210?
0
What is the tens digit of 429639?
3
What is the tens digit of 5711744?
4
What is the hundreds digit of 396369?
3
What is the thousands digit of 5608985?
8
What is the units digit of 450544?
4
What is the tens digit of 899761?
6
What is the ten thousands digit of 9533290?
3
What is the units digit of 4253952?
2
What is the millions digit of 4104328?
4
What is the thousands digit of 3399399?
9
What is the units digit of 496880?
0
What is the millions digit of 3001878?
3
What is the millions digit of 6580166?
6
What is the units digit of 87932?
2
What is the hundred thousands digit of 650302?
6
What is the tens digit of 35314?
1
What is the millions digit of 2536847?
2
What is the tens digit of 310947?
4
What is the ten thousands digit of 7673439?
7
What is the tens digit of 4744899?
9
What is the tens digit of 548757?
5
What is the ten thousands digit of 77759?
7
What is the units digit of 5644591?
1
What is the ten millions digit of 16906016?
1
What is the hundreds digit of 15750311?
3
What is the millions digit of 1678829?
1
What is the hundred thousands digit of 506683?
5
What is the thousands digit of 2378140?
8
What is the units digit of 244399?
9
What is the tens digit of 8176235?
3
What is the hundreds digit of 3488730?
7
What is the ten thousands digit of 27166?
2
What is the tens digit of 421116?
1
What is the thousands digit of 339890?
9
What is the tens digit of 14650?
5
What is the tens digit of 2665436?
3
What is the thousands digit of 11342439?
2
What is the ten thousands digit of 945960?
4
What is the hundred thousands digit of 2159097?
1
What is the tens digit of 1830807?
0
What is the units digit of 3668764?
4
What is the hundreds digit of 1896553?
5
What is the thousands digit of 733498?
3
What is the hundreds digit of 430083?
0
What is the ten thousands digit of 326988?
2
What is the hundred thousands digit of 3191677?
1
What is the ten thousands digit of 7190521?
9
What is the hundreds digit of 973878?
8
What is the thousands digit of 22347652?
7
What is the thousands digit of 1421478?
1
What is the hundreds digit of 3765296?
2
What is the ten thousands digit of 87232?
8
What is the hundred thousands digit of 124621?
1
What is the hundred thousands digit of 925218?
9
What is the units digit of 1760370?
0
What is the ten thousands digit of 19243663?
4
What is the hundred thousands digit of 6035824?
0
What is the hundred thousands digit of 297003?
2
What is the hundred thousands digit of 912698?
9
What is the tens digit of 50931?
3
What is the hundred thousands digit of 2108759?
1
What is the ten thousands digit of 11460158?
6
What is the tens digit of 1418229?
2
What is the thousands digit of 2094188?
4
What is the hundred thousands digit of 416733?
4
What is the units digit of 923714?
4
What is the tens digit of 678519?
1
What is the ten thousands digit of 4100877?
0
What is the hundreds digit of 16754416?
4
What is the units digit of 1718854?
4
What is the thousands digit of 270123?
0
What is the millions digit of 1154045?
1
What is the tens digit of 369488?
8
What